[INFO] cloning repository https://github.com/abu0306/fvm-example
[INFO] running `Command { std: "git" "-c" "credential.helper=" "-c" "credential.helper=/workspace/cargo-home/bin/git-credential-null" "clone" "--bare" "https://github.com/abu0306/fvm-example" "/workspace/cache/git-repos/https%3A%2F%2Fgithub.com%2Fabu0306%2Ffvm-example", kill_on_drop: false }`
[INFO] [stderr] Cloning into bare repository '/workspace/cache/git-repos/https%3A%2F%2Fgithub.com%2Fabu0306%2Ffvm-example'...
[INFO] running `Command { std: "git" "rev-parse" "HEAD", kill_on_drop: false }`
[INFO] [stdout] 2df0d857539b86a7ffe13294357b0666e665310f
[INFO] checking abu0306/fvm-example against master#e6e4f7ed1589e03bc2f6c5931c1a72e7947e8682 for beta-170-4
[INFO] running `Command { std: "git" "clone" "/workspace/cache/git-repos/https%3A%2F%2Fgithub.com%2Fabu0306%2Ffvm-example" "/workspace/builds/worker-4-tc2/source", kill_on_drop: false }`
[INFO] [stderr] Cloning into '/workspace/builds/worker-4-tc2/source'...
[INFO] [stderr] done.
[INFO] validating manifest of git repo https://github.com/abu0306/fvm-example on toolchain e6e4f7ed1589e03bc2f6c5931c1a72e7947e8682
[INFO] running `Command { std: CARGO_HOME="/workspace/cargo-home" RUSTUP_HOME="/workspace/rustup-home" "/workspace/cargo-home/bin/cargo" "+e6e4f7ed1589e03bc2f6c5931c1a72e7947e8682" "metadata" "--manifest-path" "Cargo.toml" "--no-deps", kill_on_drop: false }`
[INFO] started tweaking git repo https://github.com/abu0306/fvm-example
[INFO] finished tweaking git repo https://github.com/abu0306/fvm-example
[INFO] tweaked toml for git repo https://github.com/abu0306/fvm-example written to /workspace/builds/worker-4-tc2/source/Cargo.toml
[INFO] crate git repo https://github.com/abu0306/fvm-example already has a lockfile, it will not be regenerated
[INFO] running `Command { std: CARGO_HOME="/workspace/cargo-home" RUSTUP_HOME="/workspace/rustup-home" "/workspace/cargo-home/bin/cargo" "+e6e4f7ed1589e03bc2f6c5931c1a72e7947e8682" "fetch" "--manifest-path" "Cargo.toml", kill_on_drop: false }`
[INFO] running `Command { std: "docker" "create" "-v" "/var/lib/crater-agent-workspace/builds/worker-4-tc2/target:/opt/rustwide/target:rw,Z" "-v" "/var/lib/crater-agent-workspace/builds/worker-4-tc2/source:/opt/rustwide/workdir:ro,Z" "-v" "/var/lib/crater-agent-workspace/cargo-home:/opt/rustwide/cargo-home:ro,Z" "-v" "/var/lib/crater-agent-workspace/rustup-home:/opt/rustwide/rustup-home:ro,Z" "-e" "SOURCE_DIR=/opt/rustwide/workdir" "-e" "CARGO_TARGET_DIR=/opt/rustwide/target" "-e" "CARGO_HOME=/opt/rustwide/cargo-home" "-e" "RUSTUP_HOME=/opt/rustwide/rustup-home" "-w" "/opt/rustwide/workdir" "-m" "1610612736" "--user" "0:0" "--network" "none" "ghcr.io/rust-lang/crates-build-env/linux@sha256:19e73879b68f455e41552ea35293514db52ea292d993f571636dbffedb77a1ee" "/opt/rustwide/cargo-home/bin/cargo" "+e6e4f7ed1589e03bc2f6c5931c1a72e7947e8682" "metadata" "--no-deps" "--format-version=1", kill_on_drop: false }`
[INFO] [stdout] ec8f774a638b4d1a1cf2f19dd2332b1a906f62a74bec61f50aaa14a673b57879
[INFO] running `Command { std: "docker" "start" "-a" "ec8f774a638b4d1a1cf2f19dd2332b1a906f62a74bec61f50aaa14a673b57879", kill_on_drop: false }`
[INFO] running `Command { std: "docker" "inspect" "ec8f774a638b4d1a1cf2f19dd2332b1a906f62a74bec61f50aaa14a673b57879", kill_on_drop: false }`
[INFO] running `Command { std: "docker" "rm" "-f" "ec8f774a638b4d1a1cf2f19dd2332b1a906f62a74bec61f50aaa14a673b57879", kill_on_drop: false }`
[INFO] [stdout] ec8f774a638b4d1a1cf2f19dd2332b1a906f62a74bec61f50aaa14a673b57879
[INFO] running `Command { std: "docker" "create" "-v" "/var/lib/crater-agent-workspace/builds/worker-4-tc2/target:/opt/rustwide/target:rw,Z" "-v" "/var/lib/crater-agent-workspace/builds/worker-4-tc2/source:/opt/rustwide/workdir:ro,Z" "-v" "/var/lib/crater-agent-workspace/cargo-home:/opt/rustwide/cargo-home:ro,Z" "-v" "/var/lib/crater-agent-workspace/rustup-home:/opt/rustwide/rustup-home:ro,Z" "-e" "SOURCE_DIR=/opt/rustwide/workdir" "-e" "CARGO_TARGET_DIR=/opt/rustwide/target" "-e" "CARGO_INCREMENTAL=0" "-e" "RUST_BACKTRACE=full" "-e" "RUSTFLAGS=--cap-lints=forbid" "-e" "RUSTDOCFLAGS=--cap-lints=forbid" "-e" "CARGO_HOME=/opt/rustwide/cargo-home" "-e" "RUSTUP_HOME=/opt/rustwide/rustup-home" "-w" "/opt/rustwide/workdir" "-m" "1610612736" "--user" "0:0" "--network" "none" "ghcr.io/rust-lang/crates-build-env/linux@sha256:19e73879b68f455e41552ea35293514db52ea292d993f571636dbffedb77a1ee" "/opt/rustwide/cargo-home/bin/cargo" "+e6e4f7ed1589e03bc2f6c5931c1a72e7947e8682" "check" "--frozen" "--all" "--all-targets" "--message-format=json", kill_on_drop: false }`
[INFO] [stdout] e7c4cadb26c12b022decc7397e8152bfb48c71ac8d3d3283b8d55bcdfda21c71
[INFO] running `Command { std: "docker" "start" "-a" "e7c4cadb26c12b022decc7397e8152bfb48c71ac8d3d3283b8d55bcdfda21c71", kill_on_drop: false }`
[INFO] [stderr]    Compiling libc v0.2.126
[INFO] [stderr]    Compiling quote v1.0.20
[INFO] [stderr]    Compiling proc-macro2 v1.0.40
[INFO] [stderr]    Compiling unicode-ident v1.0.1
[INFO] [stderr]    Compiling syn v1.0.98
[INFO] [stderr]    Compiling serde_derive v1.0.138
[INFO] [stderr]    Compiling version_check v0.9.4
[INFO] [stderr]    Compiling autocfg v1.1.0
[INFO] [stderr]    Compiling typenum v1.15.0
[INFO] [stderr]     Checking cfg-if v1.0.0
[INFO] [stderr]    Compiling serde v1.0.138
[INFO] [stderr]    Compiling log v0.4.17
[INFO] [stderr]    Compiling unicode-xid v0.2.3
[INFO] [stderr]    Compiling memchr v2.5.0
[INFO] [stderr]    Compiling anyhow v1.0.58
[INFO] [stderr]     Checking subtle v2.4.1
[INFO] [stderr]    Compiling crossbeam-utils v0.8.10
[INFO] [stderr]     Checking arrayref v0.3.6
[INFO] [stderr]     Checking constant_time_eq v0.1.5
[INFO] [stderr]     Checking cpufeatures v0.2.2
[INFO] [stderr]    Compiling radium v0.6.2
[INFO] [stderr]    Compiling byteorder v1.4.3
[INFO] [stderr]     Checking scopeguard v1.1.0
[INFO] [stderr]    Compiling data-encoding v2.3.2
[INFO] [stderr]    Compiling ppv-lite86 v0.2.16
[INFO] [stderr]    Compiling generic-array v0.14.5
[INFO] [stderr]    Compiling proc-macro-error-attr v1.0.4
[INFO] [stderr]    Compiling proc-macro-error v1.0.4
[INFO] [stderr]     Checking either v1.7.0
[INFO] [stderr]    Compiling indexmap v1.9.1
[INFO] [stderr]    Compiling memoffset v0.6.5
[INFO] [stderr]    Compiling crossbeam-epoch v0.9.9
[INFO] [stderr]     Checking once_cell v1.13.0
[INFO] [stderr]    Compiling target-lexicon v0.12.4
[INFO] [stderr]    Compiling num-traits v0.2.15
[INFO] [stderr]    Compiling rayon-core v1.9.3
[INFO] [stderr]    Compiling glob v0.3.0
[INFO] [stderr]    Compiling num-integer v0.1.45
[INFO] [stderr]    Compiling opaque-debug v0.3.0
[INFO] [stderr]    Compiling tap v1.0.1
[INFO] [stderr]    Compiling wyz v0.4.0
[INFO] [stderr]     Checking getrandom v0.2.7
[INFO] [stderr]    Compiling jobserver v0.1.24
[INFO] [stderr]    Compiling num_cpus v1.13.1
[INFO] [stderr]     Checking rand_core v0.6.3
[INFO] [stderr]    Compiling cc v1.0.73
[INFO] [stderr]    Compiling rayon v1.5.3
[INFO] [stderr]    Compiling funty v1.2.0
[INFO] [stderr]    Compiling crc32fast v1.3.2
[INFO] [stderr]    Compiling io-lifetimes v0.5.3
[INFO] [stderr]     Checking rand_chacha v0.3.1
[INFO] [stderr]     Checking itertools v0.10.3
[INFO] [stderr]    Compiling rand_xorshift v0.3.0
[INFO] [stderr]    Compiling execute-command-tokens v0.1.6
[INFO] [stderr]    Compiling rustix v0.33.7
[INFO] [stderr]     Checking rand v0.8.5
[INFO] [stderr]    Compiling cranelift-codegen-shared v0.82.3
[INFO] [stderr]     Checking arrayvec v0.7.2
[INFO] [stderr]    Compiling cranelift-codegen-meta v0.82.3
[INFO] [stderr]    Compiling threadpool v1.8.1
[INFO] [stderr]    Compiling ec-gpu v0.1.0
[INFO] [stderr]    Compiling hashbrown v0.12.1
[INFO] [stderr]     Checking crossbeam-channel v0.5.5
[INFO] [stderr]     Checking crossbeam-deque v0.8.1
[INFO] [stderr]    Compiling bitvec v0.22.3
[INFO] [stderr]    Compiling lock_api v0.4.7
[INFO] [stderr]     Checking keccak v0.1.2
[INFO] [stderr]    Compiling byte-slice-cast v1.2.1
[INFO] [stderr]     Checking block-buffer v0.10.2
[INFO] [stderr]     Checking crypto-common v0.1.4
[INFO] [stderr]    Compiling digest v0.9.0
[INFO] [stderr]    Compiling block-buffer v0.9.0
[INFO] [stderr]    Compiling cl-sys v0.4.2
[INFO] [stderr]     Checking digest v0.10.3
[INFO] [stderr]    Compiling sha2 v0.9.9
[INFO] [stderr]     Checking arrayvec v0.5.2
[INFO] [stderr]    Compiling ec-gpu-gen v0.1.2
[INFO] [stderr]     Checking blake2b_simd v1.0.0
[INFO] [stderr]     Checking blake2s_simd v1.0.0
[INFO] [stderr]     Checking generic-array v0.12.4
[INFO] [stderr]     Checking sha3 v0.10.1
[INFO] [stderr]     Checking sha2 v0.10.2
[INFO] [stderr]    Compiling blst v0.3.7
[INFO] [stderr]    Compiling blake3 v1.3.1
[INFO] [stderr]    Compiling zstd-sys v1.6.3+zstd.1.5.2
[INFO] [stderr]     Checking core2 v0.4.0
[INFO] [stderr]     Checking byte-tools v0.3.1
[INFO] [stderr]     Checking unsigned-varint v0.7.1
[INFO] [stderr]     Checking base-x v0.2.11
[INFO] [stderr]    Compiling hex v0.4.3
[INFO] [stderr]     Checking block-padding v0.1.5
[INFO] [stderr]    Compiling wasmtime-fiber v0.35.3
[INFO] [stderr]     Checking fake-simd v0.1.2
[INFO] [stderr]    Compiling fallible-iterator v0.2.0
[INFO] [stderr]    Compiling stable_deref_trait v1.2.0
[INFO] [stderr]    Compiling getrandom v0.1.16
[INFO] [stderr]     Checking spin v0.9.3
[INFO] [stderr]     Checking cl3 v0.4.4
[INFO] [stderr]     Checking block-buffer v0.7.3
[INFO] [stderr]     Checking digest v0.8.1
[INFO] [stderr]     Checking dirs-sys v0.3.7
[INFO] [stderr]     Checking cfg-if v0.1.10
[INFO] [stderr]     Checking opaque-debug v0.2.3
[INFO] [stderr]    Compiling backtrace v0.3.65
[INFO] [stderr]     Checking flume v0.10.13
[INFO] [stderr]     Checking sha2 v0.8.2
[INFO] [stderr]     Checking dirs v2.0.2
[INFO] [stderr]     Checking memmap v0.7.0
[INFO] [stderr]     Checking aho-corasick v0.7.18
[INFO] [stderr]    Compiling num-bigint v0.4.3
[INFO] [stderr]    Compiling zstd-safe v4.1.6+zstd.1.5.2
[INFO] [stderr]     Checking regex-syntax v0.6.27
[INFO] [stderr]     Checking rand_core v0.5.1
[INFO] [stderr]     Checking opencl3 v0.4.1
[INFO] [stderr]     Checking yastl v0.1.2
[INFO] [stderr]     Checking blake2s_simd v0.5.11
[INFO] [stderr]     Checking atty v0.2.14
[INFO] [stderr]     Checking fs2 v0.4.3
[INFO] [stderr]     Checking remove_dir_all v0.5.3
[INFO] [stderr]    Compiling crunchy v0.2.2
[INFO] [stderr]     Checking ryu v1.0.10
[INFO] [stderr]    Compiling lexical-core v0.7.6
[INFO] [stderr]     Checking itoa v1.0.2
[INFO] [stderr]    Compiling ff v0.11.1
[INFO] [stderr]     Checking rand_chacha v0.2.2
[INFO] [stderr]    Compiling ittapi-rs v0.2.0
[INFO] [stderr]    Compiling wasmtime-runtime v0.35.3
[INFO] [stderr]    Compiling group v0.11.0
[INFO] [stderr]     Checking cipher v0.2.5
[INFO] [stderr]     Checking rand v0.4.6
[INFO] [stderr]    Compiling nom v5.1.2
[INFO] [stderr]     Checking fastrand v1.7.0
[INFO] [stderr]     Checking byteorder v0.5.3
[INFO] [stderr]    Compiling pairing v0.21.0
[INFO] [stderr]     Checking static_assertions v1.1.0
[INFO] [stderr]     Checking ucd-trie v0.1.4
[INFO] [stderr]    Compiling cpp_demangle v0.3.5
[INFO] [stderr]     Checking tempfile v3.3.0
[INFO] [stderr]     Checking pest v2.1.3
[INFO] [stderr]     Checking positioned-io v0.2.2
[INFO] [stderr]     Checking rand v0.7.3
[INFO] [stderr]     Checking tempdir v0.3.7
[INFO] [stderr]     Checking itertools v0.8.2
[INFO] [stderr]    Compiling linux-raw-sys v0.0.42
[INFO] [stderr]    Compiling cranelift-codegen v0.82.3
[INFO] [stderr]    Compiling serde_json v1.0.82
[INFO] [stderr]    Compiling rustversion v1.0.7
[INFO] [stderr]    Compiling wasmparser v0.83.0
[INFO] [stderr]    Compiling crossbeam-queue v0.3.5
[INFO] [stderr]    Compiling smallvec v1.9.0
[INFO] [stderr]     Checking semver-parser v0.10.2
[INFO] [stderr]     Checking regex v1.6.0
[INFO] [stderr]    Compiling regalloc v0.0.34
[INFO] [stderr]     Checking aes-soft v0.6.4
[INFO] [stderr]    Compiling sha2-asm v0.6.2
[INFO] [stderr]    Compiling psm v0.1.19
[INFO] [stderr]    Compiling rustc-demangle v0.1.21
[INFO] [stderr]    Compiling synstructure v0.12.6
[INFO] [stderr]     Checking num_threads v0.1.6
[INFO] [stderr]    Compiling time-macros v0.2.4
[INFO] [stderr]     Checking block-padding v0.2.1
[INFO] [stderr]    Compiling wasmtime-cache v0.35.3
[INFO] [stderr]     Checking block-modes v0.7.0
[INFO] [stderr]     Checking semver v0.11.0
[INFO] [stderr]     Checking aes v0.6.0
[INFO] [stderr]     Checking blake2b_simd v0.5.11
[INFO] [stderr]     Checking itertools v0.9.0
[INFO] [stderr]    Compiling num-bigint v0.2.6
[INFO] [stderr]     Checking ansi_term v0.12.1
[INFO] [stderr]    Compiling more-asserts v0.2.2
[INFO] [stderr]    Compiling adler v1.0.2
[INFO] [stderr]    Compiling async-trait v0.1.56
[INFO] [stderr]     Checking rustc-hash v1.1.0
[INFO] [stderr]    Compiling miniz_oxide v0.5.3
[INFO] [stderr]     Checking crossbeam v0.8.1
[INFO] [stderr]    Compiling libsecp256k1-core v0.3.0
[INFO] [stderr]    Compiling time v0.1.44
[INFO] [stderr]    Compiling object v0.28.4
[INFO] [stderr]    Compiling wasmtime v0.35.3
[INFO] [stderr]     Checking time v0.3.11
[INFO] [stderr]    Compiling ident_case v1.0.1
[INFO] [stderr]    Compiling termcolor v1.1.3
[INFO] [stderr]    Compiling leb128 v0.2.5
[INFO] [stderr]     Checking difference v2.0.0
[INFO] [stderr]    Compiling strsim v0.10.0
[INFO] [stderr]     Checking cpuid-bool v0.1.2
[INFO] [stderr]     Checking ansi_term v0.11.0
[INFO] [stderr]    Compiling fnv v1.0.7
[INFO] [stderr]    Compiling humantime v2.1.0
[INFO] [stderr]     Checking half v1.8.2
[INFO] [stderr]     Checking pretty_assertions v0.6.1
[INFO] [stderr]    Compiling darling_core v0.12.4
[INFO] [stderr]    Compiling wasm-encoder v0.14.0
[INFO] [stderr]     Checking chrono v0.4.19
[INFO] [stderr]    Compiling region v2.2.0
[INFO] [stderr]    Compiling env_logger v0.9.0
[INFO] [stderr]    Compiling dirs-sys-next v0.1.2
[INFO] [stderr]    Compiling memfd v0.4.1
[INFO] [stderr]     Checking mapr v0.8.0
[INFO] [stderr]     Checking fdlimit v0.2.1
[INFO] [stderr]    Compiling thiserror-impl v1.0.31
[INFO] [stderr]    Compiling data-encoding-macro-internal v0.1.10
[INFO] [stderr]    Compiling zeroize_derive v1.1.1
[INFO] [stderr]    Compiling execute-command-macro-impl v0.1.8
[INFO] [stderr]    Compiling serde_tuple_macros v0.5.0
[INFO] [stderr]    Compiling serde_repr v0.1.8
[INFO] [stderr]    Compiling num-derive v0.3.3
[INFO] [stderr]    Compiling unicode-width v0.1.9
[INFO] [stderr]    Compiling paste v1.0.7
[INFO] [stderr]    Compiling execute-command-macro v0.1.8
[INFO] [stderr]     Checking data-encoding-macro v0.1.12
[INFO] [stderr]    Compiling execute v0.2.11
[INFO] [stderr]     Checking multibase v0.9.1
[INFO] [stderr]    Compiling zeroize v1.3.0
[INFO] [stderr]    Compiling convert_case v0.4.0
[INFO] [stderr]    Compiling semver-parser v0.7.0
[INFO] [stderr]    Compiling semver v0.6.0
[INFO] [stderr]    Compiling wast v43.0.0
[INFO] [stderr]    Compiling file-per-thread-logger v0.1.5
[INFO] [stderr]    Compiling directories-next v2.0.0
[INFO] [stderr]    Compiling derive_more v0.99.17
[INFO] [stderr]    Compiling blake2 v0.10.4
[INFO] [stderr]    Compiling libsecp256k1-gen-ecmult v0.3.0
[INFO] [stderr]    Compiling libsecp256k1-gen-genmult v0.3.0
[INFO] [stderr]     Checking crypto-mac v0.8.0
[INFO] [stderr]    Compiling darling_macro v0.12.4
[INFO] [stderr]    Compiling tetsy-wasm v0.31.1
[INFO] [stderr]    Compiling thiserror v1.0.31
[INFO] [stderr]    Compiling base64 v0.13.0
[INFO] [stderr]     Checking rust-gpu-tools v0.5.0
[INFO] [stderr]     Checking flexi_logger v0.22.5
[INFO] [stderr]    Compiling same-file v1.0.6
[INFO] [stderr]     Checking radium v0.3.0
[INFO] [stderr]    Compiling walkdir v2.3.2
[INFO] [stderr]     Checking bitvec v0.17.4
[INFO] [stderr]     Checking fil_logger v0.1.6
[INFO] [stderr]     Checking hmac v0.8.1
[INFO] [stderr]    Compiling fvm-ir v0.1.0 (/opt/rustwide/workdir/fvm-macro/ir)
[INFO] [stderr]    Compiling libsecp256k1 v0.7.0
[INFO] [stdout] error[E0412]: cannot find type `ImplItem` in this scope
[INFO] [stdout]  --> fvm-macro/ir/src/ir/item_impl/iter.rs:3:39
[INFO] [stdout]   |
[INFO] [stdout] 3 |     impl_items: core::slice::Iter<'a, ImplItem>,
[INFO] [stdout]   |                                       ^^^^^^^^ not found in this scope
[INFO] [stdout]   |
[INFO] [stdout] help: consider importing one of these items
[INFO] [stdout]   |
[INFO] [stdout] 1 + use crate::ir::item_impl::impl_item::ImplItem;
[INFO] [stdout]   |
[INFO] [stdout] 1 + use syn::ImplItem;
[INFO] [stdout]   |
[INFO] [stdout] 
[INFO] [stdout] 
[INFO] [stdout] error[E0412]: cannot find type `ItemImpl` in this scope
[INFO] [stdout]  --> fvm-macro/ir/src/ir/item_impl/iter.rs:7:38
[INFO] [stdout]   |
[INFO] [stdout] 7 |     pub(super) fn new(item_impl: &'a ItemImpl) -> Self {
[INFO] [stdout]   |                                      ^^^^^^^^ not found in this scope
[INFO] [stdout]   |
[INFO] [stdout] help: consider importing one of these items
[INFO] [stdout]   |
[INFO] [stdout] 1 + use crate::ir::item_impl::ItemImpl;
[INFO] [stdout]   |
[INFO] [stdout] 1 + use syn::ItemImpl;
[INFO] [stdout]   |
[INFO] [stdout] 
[INFO] [stdout] 
[INFO] [stdout] error[E0412]: cannot find type `CallableWithSelector` in this scope
[INFO] [stdout]   --> fvm-macro/ir/src/ir/item_impl/iter.rs:16:17
[INFO] [stdout]    |
[INFO] [stdout] 16 |     type Item = CallableWithSelector<'a, constructor::Constructor>;
[INFO] [stdout]    |                 ^^^^^^^^^^^^^^^^^^^^ not found in this scope
[INFO] [stdout]    |
[INFO] [stdout] help: consider importing this struct
[INFO] [stdout]    |
[INFO] [stdout] 1  + use crate::ir::item_impl::callable::CallableWithSelector;
[INFO] [stdout]    |
[INFO] [stdout] 
[INFO] [stdout] 
[INFO] [stdout] error[E0433]: failed to resolve: use of undeclared type `CallableWithSelector`
[INFO] [stdout]   --> fvm-macro/ir/src/ir/item_impl/iter.rs:24:37
[INFO] [stdout]    |
[INFO] [stdout] 24 |                         return Some(CallableWithSelector::new(
[INFO] [stdout]    |                                     ^^^^^^^^^^^^^^^^^^^^ use of undeclared type `CallableWithSelector`
[INFO] [stdout]    |
[INFO] [stdout] help: consider importing this struct
[INFO] [stdout]    |
[INFO] [stdout] 1  + use crate::ir::item_impl::callable::CallableWithSelector;
[INFO] [stdout]    |
[INFO] [stdout] 
[INFO] [stdout] 
[INFO] [stderr]    Compiling build-helper v0.1.1
[INFO] [stdout] error[E0412]: cannot find type `ImplItem` in this scope
[INFO] [stdout]   --> fvm-macro/ir/src/ir/item_impl/iter.rs:39:39
[INFO] [stdout]    |
[INFO] [stdout] 39 |     impl_items: core::slice::Iter<'a, ImplItem>,
[INFO] [stdout]    |                                       ^^^^^^^^ not found in this scope
[INFO] [stdout]    |
[INFO] [stdout] help: consider importing one of these items
[INFO] [stdout]    |
[INFO] [stdout] 1  + use crate::ir::item_impl::impl_item::ImplItem;
[INFO] [stdout]    |
[INFO] [stdout] 1  + use syn::ImplItem;
[INFO] [stdout]    |
[INFO] [stdout] 
[INFO] [stdout] 
[INFO] [stdout] error[E0412]: cannot find type `ItemImpl` in this scope
[INFO] [stdout]   --> fvm-macro/ir/src/ir/item_impl/iter.rs:43:38
[INFO] [stdout]    |
[INFO] [stdout] 43 |     pub(super) fn new(item_impl: &'a ItemImpl) -> Self {
[INFO] [stdout]    |                                      ^^^^^^^^ not found in this scope
[INFO] [stdout]    |
[INFO] [stdout] help: consider importing one of these items
[INFO] [stdout]    |
[INFO] [stdout] 1  + use crate::ir::item_impl::ItemImpl;
[INFO] [stdout]    |
[INFO] [stdout] 1  + use syn::ItemImpl;
[INFO] [stdout]    |
[INFO] [stdout] 
[INFO] [stdout] 
[INFO] [stdout] error[E0412]: cannot find type `CallableWithSelector` in this scope
[INFO] [stdout]   --> fvm-macro/ir/src/ir/item_impl/iter.rs:52:17
[INFO] [stdout]    |
[INFO] [stdout] 52 |     type Item = CallableWithSelector<'a, message::Message>;
[INFO] [stdout]    |                 ^^^^^^^^^^^^^^^^^^^^ not found in this scope
[INFO] [stdout]    |
[INFO] [stdout] help: consider importing this struct
[INFO] [stdout]    |
[INFO] [stdout] 1  + use crate::ir::item_impl::callable::CallableWithSelector;
[INFO] [stdout]    |
[INFO] [stdout] 
[INFO] [stdout] 
[INFO] [stdout] error[E0433]: failed to resolve: use of undeclared type `CallableWithSelector`
[INFO] [stdout]   --> fvm-macro/ir/src/ir/item_impl/iter.rs:60:37
[INFO] [stdout]    |
[INFO] [stdout] 60 |                         return Some(CallableWithSelector::new(self.item_impl, message));
[INFO] [stdout]    |                                     ^^^^^^^^^^^^^^^^^^^^ use of undeclared type `CallableWithSelector`
[INFO] [stdout]    |
[INFO] [stdout] help: consider importing this struct
[INFO] [stdout]    |
[INFO] [stdout] 1  + use crate::ir::item_impl::callable::CallableWithSelector;
[INFO] [stdout]    |
[INFO] [stdout] 
[INFO] [stdout] 
[INFO] [stderr]    Compiling darling v0.12.4
[INFO] [stderr]    Compiling heck v0.4.0
[INFO] [stdout] error[E0433]: failed to resolve: use of undeclared crate or module `item_impl`
[INFO] [stdout]  --> fvm-macro/ir/src/ir/item_impl/iter.rs:2:20
[INFO] [stdout]   |
[INFO] [stdout] 2 |     item_impl: &'a item_impl::ItemImpl,
[INFO] [stdout]   |                    ^^^^^^^^^ use of undeclared crate or module `item_impl`
[INFO] [stdout] 
[INFO] [stdout] 
[INFO] [stdout] error[E0433]: failed to resolve: use of undeclared crate or module `constructor`
[INFO] [stdout]   --> fvm-macro/ir/src/ir/item_impl/iter.rs:16:42
[INFO] [stdout]    |
[INFO] [stdout] 16 |     type Item = CallableWithSelector<'a, constructor::Constructor>;
[INFO] [stdout]    |                                          ^^^^^^^^^^^ use of undeclared crate or module `constructor`
[INFO] [stdout] 
[INFO] [stdout] 
[INFO] [stdout] error[E0433]: failed to resolve: use of undeclared crate or module `item_impl`
[INFO] [stdout]   --> fvm-macro/ir/src/ir/item_impl/iter.rs:38:20
[INFO] [stdout]    |
[INFO] [stdout] 38 |     item_impl: &'a item_impl::ItemImpl,
[INFO] [stdout]    |                    ^^^^^^^^^ use of undeclared crate or module `item_impl`
[INFO] [stdout] 
[INFO] [stdout] 
[INFO] [stdout] error[E0433]: failed to resolve: use of undeclared crate or module `message`
[INFO] [stdout]   --> fvm-macro/ir/src/ir/item_impl/iter.rs:52:42
[INFO] [stdout]    |
[INFO] [stdout] 52 |     type Item = CallableWithSelector<'a, message::Message>;
[INFO] [stdout]    |                                          ^^^^^^^ use of undeclared crate or module `message`
[INFO] [stdout] 
[INFO] [stdout] 
[INFO] [stdout] error: aborting due to 12 previous errors
[INFO] [stdout] 
[INFO] [stdout] 
[INFO] [stdout] Some errors have detailed explanations: E0412, E0433.
[INFO] [stdout] 
[INFO] [stdout] For more information about an error, try `rustc --explain E0412`.
[INFO] [stdout] 
[INFO] [stderr] error: could not compile `fvm-ir` (lib) due to 13 previous errors
[INFO] [stderr] warning: build failed, waiting for other jobs to finish...
[INFO] running `Command { std: "docker" "inspect" "e7c4cadb26c12b022decc7397e8152bfb48c71ac8d3d3283b8d55bcdfda21c71", kill_on_drop: false }`
[INFO] running `Command { std: "docker" "rm" "-f" "e7c4cadb26c12b022decc7397e8152bfb48c71ac8d3d3283b8d55bcdfda21c71", kill_on_drop: false }`
[INFO] [stdout] e7c4cadb26c12b022decc7397e8152bfb48c71ac8d3d3283b8d55bcdfda21c71
